{"id":986,"date":"2017-01-13T15:32:21","date_gmt":"2017-01-13T14:32:21","guid":{"rendered":"http:\/\/www.boehlk.eu\/mittelalterorte\/?page_id=986"},"modified":"2017-01-23T15:33:57","modified_gmt":"2017-01-23T14:33:57","slug":"die-gebaeudebezeichnung-leuchte","status":"publish","type":"page","link":"https:\/\/www.boehlk.eu\/mittelalterorte\/die-leuchte\/die-gebaeudebezeichnung-leuchte\/","title":{"rendered":"Die Geb\u00e4udebezeichnung \u201eLeuchte\u201c"},"content":{"rendered":"<div class=\"wpb-content-wrapper\"><p>[vc_row][vc_column][vc_single_image image=&#8220;1034&#8243; img_size=&#8220;full&#8220; add_caption=&#8220;yes&#8220; onclick=&#8220;zoom&#8220;][\/vc_column][\/vc_row][vc_row][vc_column width=&#8220;2\/3&#8243;][vc_column_text]Im Jahr 1953 erschien in der ersten Ausgabe der neuen Reihe \u201eBernburger Heimathefte\u201c der Aufsatz \u201eDie Leuchte des Bernburger Schlosses\u201c von Franz Stieler. <span class=\"footnote_referrer\"><a role=\"button\" tabindex=\"0\" onclick=\"footnote_moveToReference_986_1('footnote_plugin_reference_986_1_1');\" onkeypress=\"footnote_moveToReference_986_1('footnote_plugin_reference_986_1_1');\" ><sup id=\"footnote_plugin_tooltip_986_1_1\" class=\"footnote_plugin_tooltip_text\">[1]<\/sup><\/a><span id=\"footnote_plugin_tooltip_text_986_1_1\" class=\"footnote_tooltip\">Stieler 1953. <\/span><\/span><script type=\"text\/javascript\"> jQuery('#footnote_plugin_tooltip_986_1_1').tooltip({ tip: '#footnote_plugin_tooltip_text_986_1_1', tipClass: 'footnote_tooltip', effect: 'fade', predelay: 0, fadeInSpeed: 200, delay: 400, fadeOutSpeed: 200, position: 'top center', relative: true, offset: [-7, 0], });<\/script> Den Auftakt seiner Arbeit bildet ein Abschnitt unter der \u00dcberschrift \u201eDer Irrtum\u201c. Dort setzte sich Stieler mit einem popul\u00e4ren Fehler bei der Bezeichnung des prominentesten Bernburger Bauwerkes auseinander. Als Ausgangspunkt der Fehldeutung identifizierte\u00a0er\u00a0Johann Christian Beckmann, der in seiner 1710 erschienenen \u201eHistorie des F\u00fcrstenthums Anhalt\u201c<span class=\"footnote_referrer\"><a role=\"button\" tabindex=\"0\" onclick=\"footnote_moveToReference_986_1('footnote_plugin_reference_986_1_2');\" onkeypress=\"footnote_moveToReference_986_1('footnote_plugin_reference_986_1_2');\" ><sup id=\"footnote_plugin_tooltip_986_1_2\" class=\"footnote_plugin_tooltip_text\">[2]<\/sup><\/a><span id=\"footnote_plugin_tooltip_text_986_1_2\" class=\"footnote_tooltip\">Beckmann1710, III. Teil, Seite 124<\/span><\/span><script type=\"text\/javascript\"> jQuery('#footnote_plugin_tooltip_986_1_2').tooltip({ tip: '#footnote_plugin_tooltip_text_986_1_2', tipClass: 'footnote_tooltip', effect: 'fade', predelay: 0, fadeInSpeed: 200, delay: 400, fadeOutSpeed: 200, position: 'top center', relative: true, offset: [-7, 0], });<\/script>\u00a0zum \u201eLange Haus\u201c ausf\u00fchrte: <i>\u201e\u2026davon ist das Teil gegen Westen samt den beiden Leuchten a. 1538 von F. Wolfgang erbauet worden\u2026\u201c<\/i>. Stieler konnte nachweisen, dass Beckmann den folgenden Passus aus dem Salbuch des Amtes Bernburg (1640): <i>\u201e&#8230;den ersten Teil gegen Abend mit 2 runden Auslagen, die Leuchten genannt,\u2026\u201c<\/i>\u00a0 falsch interpretiert hatte und sich der Name \u201eLeuchte\u201c nicht nur auf die beiden Eckt\u00fcrme, sondern auf das gesamte Geb\u00e4ude bezog. Er schrieb dazu: <i>\u201eWie der Bernburger Sprachgebrauch beweist, ging noch im 17. Jahrhundert der Nominativ \u201aLeuchte\u2018 in die Flexionsform \u201aLeuchten\u2018 \u00fcber. Die vier F\u00e4lle des Singulars, vielfach aus den Akten belegt, boten sich dar wie folgt: die Leuchte, der Leuchteren, der Leuchten, die Leuchten \u2013 eine sprachliche Erscheinung, die sp\u00e4ter Irrt\u00fcmern die T\u00fcr \u00f6ffnete.<\/i>\u201c<span class=\"footnote_referrer\"><a role=\"button\" tabindex=\"0\" onclick=\"footnote_moveToReference_986_1('footnote_plugin_reference_986_1_3');\" onkeypress=\"footnote_moveToReference_986_1('footnote_plugin_reference_986_1_3');\" ><sup id=\"footnote_plugin_tooltip_986_1_3\" class=\"footnote_plugin_tooltip_text\">[3]<\/sup><\/a><span id=\"footnote_plugin_tooltip_text_986_1_3\" class=\"footnote_tooltip\">Stieler 1953, S. 5. <\/span><\/span><script type=\"text\/javascript\"> jQuery('#footnote_plugin_tooltip_986_1_3').tooltip({ tip: '#footnote_plugin_tooltip_text_986_1_3', tipClass: 'footnote_tooltip', effect: 'fade', predelay: 0, fadeInSpeed: 200, delay: 400, fadeOutSpeed: 200, position: 'top center', relative: true, offset: [-7, 0], });<\/script> Stieler leitete die Bezeichnung \u201eLeuchte\u201c von dem Fensterreichtum des Geb\u00e4udes und seiner weit in das Tal ausstrahlenden Wirkung her: <i>\u201eBevor man den Westteil des Schlo\u00dflanghauses am Ende des 17. Jahrhunderts r\u00fccksichtslos und ohne Geschmack verbaute, strahlte er in feiner architektonischer Gliederung, auf steilem Felsen dicht an die Saale herangeschoben, Tag und Nacht als \u201aLeuchte\u2018<\/i> <i>weit \u00fcber Tal und H\u00fcgel.<\/i>\u201c<span class=\"footnote_referrer\"><a role=\"button\" tabindex=\"0\" onclick=\"footnote_moveToReference_986_1('footnote_plugin_reference_986_1_4');\" onkeypress=\"footnote_moveToReference_986_1('footnote_plugin_reference_986_1_4');\" ><sup id=\"footnote_plugin_tooltip_986_1_4\" class=\"footnote_plugin_tooltip_text\">[4]<\/sup><\/a><span id=\"footnote_plugin_tooltip_text_986_1_4\" class=\"footnote_tooltip\">Ebenda.<\/span><\/span><script type=\"text\/javascript\"> jQuery('#footnote_plugin_tooltip_986_1_4').tooltip({ tip: '#footnote_plugin_tooltip_text_986_1_4', tipClass: 'footnote_tooltip', effect: 'fade', predelay: 0, fadeInSpeed: 200, delay: 400, fadeOutSpeed: 200, position: 'top center', relative: true, offset: [-7, 0], });<\/script> Der auf seine \u201eAusstrahlung\u201c anspielende Name des Bauwerks k\u00f6nnte sich aber auch auf eine andere Eigenschaft beziehen: seine Farbgestaltung.[\/vc_column_text][vc_custom_heading text=&#8220;Bezog sich die Bezeichnung \u201eLeuchte\u201c auf die bauzeitliche Fassaden-Farbfassung?&#8220; font_container=&#8220;tag:div|text_align:left&#8220; use_theme_fonts=&#8220;yes&#8220; el_class=&#8220;zu_leuchte&#8220;][vc_column_text]Einen Hinweis auf die mehrfarbige Fassung der bauzeitlichen Fassade erlaubt der Fund eines Steines mit anhaftenden Putzresten, der vermutlich vom einstigen Ostgiebel der \u201eLeuchte\u201c stammt und eine aufgemalte, geometrische Gestaltung in Grau, Schwarz und Wei\u00df aufweist.<span class=\"footnote_referrer\"><a role=\"button\" tabindex=\"0\" onclick=\"footnote_moveToReference_986_1('footnote_plugin_reference_986_1_5');\" onkeypress=\"footnote_moveToReference_986_1('footnote_plugin_reference_986_1_5');\" ><sup id=\"footnote_plugin_tooltip_986_1_5\" class=\"footnote_plugin_tooltip_text\">[5]<\/sup><\/a><span id=\"footnote_plugin_tooltip_text_986_1_5\" class=\"footnote_tooltip\">Schneider 2008, S. 121. <\/span><\/span><script type=\"text\/javascript\"> jQuery('#footnote_plugin_tooltip_986_1_5').tooltip({ tip: '#footnote_plugin_tooltip_text_986_1_5', tipClass: 'footnote_tooltip', effect: 'fade', predelay: 0, fadeInSpeed: 200, delay: 400, fadeOutSpeed: 200, position: 'top center', relative: true, offset: [-7, 0], });<\/script> Auch in den Baurechnungen wurden Farben wie <i>\u201eSteinfarbe, Berggr\u00fcn und Silberwei\u00df\u201c<\/i> erw\u00e4hnt.<span class=\"footnote_referrer\"><a role=\"button\" tabindex=\"0\" onclick=\"footnote_moveToReference_986_1('footnote_plugin_reference_986_1_6');\" onkeypress=\"footnote_moveToReference_986_1('footnote_plugin_reference_986_1_6');\" ><sup id=\"footnote_plugin_tooltip_986_1_6\" class=\"footnote_plugin_tooltip_text\">[6]<\/sup><\/a><span id=\"footnote_plugin_tooltip_text_986_1_6\" class=\"footnote_tooltip\">Stieler 1954, S. 13. <\/span><\/span><script type=\"text\/javascript\"> jQuery('#footnote_plugin_tooltip_986_1_6').tooltip({ tip: '#footnote_plugin_tooltip_text_986_1_6', tipClass: 'footnote_tooltip', effect: 'fade', predelay: 0, fadeInSpeed: 200, delay: 400, fadeOutSpeed: 200, position: 'top center', relative: true, offset: [-7, 0], });<\/script> Der Begriff \u201eLeuchten\u201c ist in der Heraldik im Zusammenhang mit kontrastreicher Farbigkeit durchaus gebr\u00e4uchlich. Die Ersetzung des Metalls Silber durch die Farbe Wei\u00df bei der grafischen Wiedergabe von Wappen verdeutlicht diesen Zusammenhang. In seiner Arbeit zu den Wappenschilderungen in Konrad von W\u00fcrzburgs Trojanerkrieg bietet Manfred Stuckmann<span class=\"footnote_referrer\"><a role=\"button\" tabindex=\"0\" onclick=\"footnote_moveToReference_986_1('footnote_plugin_reference_986_1_7');\" onkeypress=\"footnote_moveToReference_986_1('footnote_plugin_reference_986_1_7');\" ><sup id=\"footnote_plugin_tooltip_986_1_7\" class=\"footnote_plugin_tooltip_text\">[7]<\/sup><\/a><span id=\"footnote_plugin_tooltip_text_986_1_7\" class=\"footnote_tooltip\">Stuckmann 2003. <\/span><\/span><script type=\"text\/javascript\"> jQuery('#footnote_plugin_tooltip_986_1_7').tooltip({ tip: '#footnote_plugin_tooltip_text_986_1_7', tipClass: 'footnote_tooltip', effect: 'fade', predelay: 0, fadeInSpeed: 200, delay: 400, fadeOutSpeed: 200, position: 'top center', relative: true, offset: [-7, 0], });<\/script> zahlreiche Beispiele f\u00fcr als \u201eleuchtend\u201c beschriebene Farben. Es w\u00e4re also durchaus denkbar, dass sich die Bezeichnung \u201eLeuchte\u201c auf die bauzeitliche Farbgestaltung des Wolfgangbaus bezieht.[\/vc_column_text][\/vc_column][vc_column width=&#8220;1\/3&#8243; css=&#8220;.vc_custom_1485181489941{padding: 10px !important;background-color: #e2e2e2 !important;}&#8220;][vc_single_image image=&#8220;1144&#8243; img_size=&#8220;full&#8220; alignment=&#8220;center&#8220; onclick=&#8220;img_link_large&#8220;][vc_column_text]<\/p>\n<h2>Zur gegenw\u00e4rtig rekonstruierten Farbfassung der Westfassade der Bernburger \u201eLeuchte\u201c<\/h2>\n<p>Die\u00a0gegenw\u00e4rtig rekonstruierte\u00a0Farbfassung\u00a0der Westfassade der \u201eLeuchte\u201c geht, wie auch die wiederhergestellte\u00a0Farbgestaltung der Giebel des \u201eBlauen Turmes\u201c und die bereits rekonstruierte Fassung der Schmuckerker an der S\u00fcdfassade des \u201eLangen Hauses\u201c, auf ein expressionistisches Gestaltungskonzept\u00a0zur\u00fcck, welches unter der Beteiligung von Bauhausk\u00fcnstlern in den Jahren zwischen 1927 und 1936 entstand. Federf\u00fchrend war hierbei der hallesche K\u00fcnstler Richard Degenkolbe (1890-1974). <em>\u201eKontakte zu weiteren Bauhausk\u00fcnstlern wie Hinnerk Scheper sind nachweisbar.\u201c<\/em><span class=\"footnote_referrer\"><a role=\"button\" tabindex=\"0\" onclick=\"footnote_moveToReference_986_1('footnote_plugin_reference_986_1_8');\" onkeypress=\"footnote_moveToReference_986_1('footnote_plugin_reference_986_1_8');\" ><sup id=\"footnote_plugin_tooltip_986_1_8\" class=\"footnote_plugin_tooltip_text\">[8]<\/sup><\/a><span id=\"footnote_plugin_tooltip_text_986_1_8\" class=\"footnote_tooltip\">R\u00fcdiger 2008, S. 113.<\/span><\/span><script type=\"text\/javascript\"> jQuery('#footnote_plugin_tooltip_986_1_8').tooltip({ tip: '#footnote_plugin_tooltip_text_986_1_8', tipClass: 'footnote_tooltip', effect: 'fade', predelay: 0, fadeInSpeed: 200, delay: 400, fadeOutSpeed: 200, position: 'top center', relative: true, offset: [-7, 0], });<\/script><br \/>\nDegenkolbe entwarf auch die Glasfenster, Farbfassungen, Wand- und Deckenmalereien f\u00fcr das Geb\u00e4ude des Landesseminars in K\u00f6then (heute \u201eGr\u00fcnes Geb\u00e4ude\u201c der HS-Anhalt) und verantwortete im Jahr 1927\/28 die Renovierung der Synagoge in K\u00f6then.<span class=\"footnote_referrer\"><a role=\"button\" tabindex=\"0\" onclick=\"footnote_moveToReference_986_1('footnote_plugin_reference_986_1_9');\" onkeypress=\"footnote_moveToReference_986_1('footnote_plugin_reference_986_1_9');\" ><sup id=\"footnote_plugin_tooltip_986_1_9\" class=\"footnote_plugin_tooltip_text\">[9]<\/sup><\/a><span id=\"footnote_plugin_tooltip_text_986_1_9\" class=\"footnote_tooltip\">Meinel 2008, S. 23 Fn. 122<\/span><\/span><script type=\"text\/javascript\"> jQuery('#footnote_plugin_tooltip_986_1_9').tooltip({ tip: '#footnote_plugin_tooltip_text_986_1_9', tipClass: 'footnote_tooltip', effect: 'fade', predelay: 0, fadeInSpeed: 200, delay: 400, fadeOutSpeed: 200, position: 'top center', relative: true, offset: [-7, 0], });<\/script> Er war Mitglied der \u201eK\u00fcnstlervereinigung auf dem Pflug&#8220; und der &#8222;Freien K\u00fcnstlervereinigung Halle&#8220;, der auch Anton Ehrhardt, Paul Hartmann, Werner Lude und Karl V\u00f6lker angeh\u00f6rten.<span class=\"footnote_referrer\"><a role=\"button\" tabindex=\"0\" onclick=\"footnote_moveToReference_986_1('footnote_plugin_reference_986_1_10');\" onkeypress=\"footnote_moveToReference_986_1('footnote_plugin_reference_986_1_10');\" ><sup id=\"footnote_plugin_tooltip_986_1_10\" class=\"footnote_plugin_tooltip_text\">[10]<\/sup><\/a><span id=\"footnote_plugin_tooltip_text_986_1_10\" class=\"footnote_tooltip\">Meinel 2008, S. 14 und 94 Fn. 596<\/span><\/span><script type=\"text\/javascript\"> jQuery('#footnote_plugin_tooltip_986_1_10').tooltip({ tip: '#footnote_plugin_tooltip_text_986_1_10', tipClass: 'footnote_tooltip', effect: 'fade', predelay: 0, fadeInSpeed: 200, delay: 400, fadeOutSpeed: 200, position: 'top center', relative: true, offset: [-7, 0], });<\/script>[\/vc_column_text][\/vc_column][\/vc_row][vc_row][vc_column][vc_widget_sidebar sidebar_id=&#8220;ca-sidebar-1080&#8243;][\/vc_column][\/vc_row]<\/p>\n<\/div><div class=\"speaker-mute footnotes_reference_container\"> <div class=\"footnote_container_prepare\"><p><span role=\"button\" tabindex=\"0\" class=\"footnote_reference_container_label pointer\" onclick=\"footnote_expand_collapse_reference_container_986_1();\">Fu\u00dfnoten<\/span><span role=\"button\" tabindex=\"0\" class=\"footnote_reference_container_collapse_button\" style=\"display: none;\" onclick=\"footnote_expand_collapse_reference_container_986_1();\">[<a id=\"footnote_reference_container_collapse_button_986_1\">+<\/a>]<\/span><\/p><\/div> <div id=\"footnote_references_container_986_1\" style=\"\"><table class=\"footnotes_table footnote-reference-container\"><caption class=\"accessibility\">Fu\u00dfnoten<\/caption> <tbody> \r\n\r\n<tr class=\"footnotes_plugin_reference_row\"> <th scope=\"row\" class=\"footnote_plugin_index_combi pointer\"  onclick=\"footnote_moveToAnchor_986_1('footnote_plugin_tooltip_986_1_1');\"><a id=\"footnote_plugin_reference_986_1_1\" class=\"footnote_backlink\"><span class=\"footnote_index_arrow\">&#8593;<\/span>1<\/a><\/th> <td class=\"footnote_plugin_text\">Stieler 1953. <\/td><\/tr>\r\n\r\n<tr class=\"footnotes_plugin_reference_row\"> <th scope=\"row\" class=\"footnote_plugin_index_combi pointer\"  onclick=\"footnote_moveToAnchor_986_1('footnote_plugin_tooltip_986_1_2');\"><a id=\"footnote_plugin_reference_986_1_2\" class=\"footnote_backlink\"><span class=\"footnote_index_arrow\">&#8593;<\/span>2<\/a><\/th> <td class=\"footnote_plugin_text\">Beckmann1710, III. Teil, Seite 124<\/td><\/tr>\r\n\r\n<tr class=\"footnotes_plugin_reference_row\"> <th scope=\"row\" class=\"footnote_plugin_index_combi pointer\"  onclick=\"footnote_moveToAnchor_986_1('footnote_plugin_tooltip_986_1_3');\"><a id=\"footnote_plugin_reference_986_1_3\" class=\"footnote_backlink\"><span class=\"footnote_index_arrow\">&#8593;<\/span>3<\/a><\/th> <td class=\"footnote_plugin_text\">Stieler 1953, S. 5. <\/td><\/tr>\r\n\r\n<tr class=\"footnotes_plugin_reference_row\"> <th scope=\"row\" class=\"footnote_plugin_index_combi pointer\"  onclick=\"footnote_moveToAnchor_986_1('footnote_plugin_tooltip_986_1_4');\"><a id=\"footnote_plugin_reference_986_1_4\" class=\"footnote_backlink\"><span class=\"footnote_index_arrow\">&#8593;<\/span>4<\/a><\/th> <td class=\"footnote_plugin_text\">Ebenda.<\/td><\/tr>\r\n\r\n<tr class=\"footnotes_plugin_reference_row\"> <th scope=\"row\" class=\"footnote_plugin_index_combi pointer\"  onclick=\"footnote_moveToAnchor_986_1('footnote_plugin_tooltip_986_1_5');\"><a id=\"footnote_plugin_reference_986_1_5\" class=\"footnote_backlink\"><span class=\"footnote_index_arrow\">&#8593;<\/span>5<\/a><\/th> <td class=\"footnote_plugin_text\">Schneider 2008, S. 121. <\/td><\/tr>\r\n\r\n<tr class=\"footnotes_plugin_reference_row\"> <th scope=\"row\" class=\"footnote_plugin_index_combi pointer\"  onclick=\"footnote_moveToAnchor_986_1('footnote_plugin_tooltip_986_1_6');\"><a id=\"footnote_plugin_reference_986_1_6\" class=\"footnote_backlink\"><span class=\"footnote_index_arrow\">&#8593;<\/span>6<\/a><\/th> <td class=\"footnote_plugin_text\">Stieler 1954, S. 13. <\/td><\/tr>\r\n\r\n<tr class=\"footnotes_plugin_reference_row\"> <th scope=\"row\" class=\"footnote_plugin_index_combi pointer\"  onclick=\"footnote_moveToAnchor_986_1('footnote_plugin_tooltip_986_1_7');\"><a id=\"footnote_plugin_reference_986_1_7\" class=\"footnote_backlink\"><span class=\"footnote_index_arrow\">&#8593;<\/span>7<\/a><\/th> <td class=\"footnote_plugin_text\">Stuckmann 2003. <\/td><\/tr>\r\n\r\n<tr class=\"footnotes_plugin_reference_row\"> <th scope=\"row\" class=\"footnote_plugin_index_combi pointer\"  onclick=\"footnote_moveToAnchor_986_1('footnote_plugin_tooltip_986_1_8');\"><a id=\"footnote_plugin_reference_986_1_8\" class=\"footnote_backlink\"><span class=\"footnote_index_arrow\">&#8593;<\/span>8<\/a><\/th> <td class=\"footnote_plugin_text\">R\u00fcdiger 2008, S. 113.<\/td><\/tr>\r\n\r\n<tr class=\"footnotes_plugin_reference_row\"> <th scope=\"row\" class=\"footnote_plugin_index_combi pointer\"  onclick=\"footnote_moveToAnchor_986_1('footnote_plugin_tooltip_986_1_9');\"><a id=\"footnote_plugin_reference_986_1_9\" class=\"footnote_backlink\"><span class=\"footnote_index_arrow\">&#8593;<\/span>9<\/a><\/th> <td class=\"footnote_plugin_text\">Meinel 2008, S. 23 Fn. 122<\/td><\/tr>\r\n\r\n<tr class=\"footnotes_plugin_reference_row\"> <th scope=\"row\" class=\"footnote_plugin_index_combi pointer\"  onclick=\"footnote_moveToAnchor_986_1('footnote_plugin_tooltip_986_1_10');\"><a id=\"footnote_plugin_reference_986_1_10\" class=\"footnote_backlink\"><span class=\"footnote_index_arrow\">&#8593;<\/span>10<\/a><\/th> <td class=\"footnote_plugin_text\">Meinel 2008, S. 14 und 94 Fn. 596<\/td><\/tr>\r\n\r\n <\/tbody> <\/table> <\/div><\/div><script type=\"text\/javascript\"> function footnote_expand_reference_container_986_1() { jQuery('#footnote_references_container_986_1').show(); jQuery('#footnote_reference_container_collapse_button_986_1').text('\u2212'); } function footnote_collapse_reference_container_986_1() { jQuery('#footnote_references_container_986_1').hide(); jQuery('#footnote_reference_container_collapse_button_986_1').text('+'); } function footnote_expand_collapse_reference_container_986_1() { if (jQuery('#footnote_references_container_986_1').is(':hidden')) { footnote_expand_reference_container_986_1(); } else { footnote_collapse_reference_container_986_1(); } } function footnote_moveToReference_986_1(p_str_TargetID) { footnote_expand_reference_container_986_1(); var l_obj_Target = jQuery('#' + p_str_TargetID); if (l_obj_Target.length) { jQuery( 'html, body' ).delay( 0 ); jQuery('html, body').animate({ scrollTop: l_obj_Target.offset().top - window.innerHeight * 0.2 }, 380); } } function footnote_moveToAnchor_986_1(p_str_TargetID) { footnote_expand_reference_container_986_1(); var l_obj_Target = jQuery('#' + p_str_TargetID); if (l_obj_Target.length) { jQuery( 'html, body' ).delay( 0 ); jQuery('html, body').animate({ scrollTop: l_obj_Target.offset().top - window.innerHeight * 0.2 }, 380); } }<\/script>","protected":false},"excerpt":{"rendered":"<p>[vc_row][vc_column][vc_single_image image=&#8220;1034&#8243; img_size=&#8220;full&#8220; add_caption=&#8220;yes&#8220; onclick=&#8220;zoom&#8220;][\/vc_column][\/vc_row][vc_row][vc_column width=&#8220;2\/3&#8243;][vc_column_text]Im Jahr 1953 erschien in der ersten Ausgabe der neuen Reihe \u201eBernburger Heimathefte\u201c der Aufsatz \u201eDie Leuchte des Bernburger Schlosses\u201c von Franz Stieler. [1]Stieler 1953. Den Auftakt seiner Arbeit bildet ein Abschnitt unter der \u00dcberschrift &hellip; <a href=\"https:\/\/www.boehlk.eu\/mittelalterorte\/die-leuchte\/die-gebaeudebezeichnung-leuchte\/\">Weiterlesen <span class=\"meta-nav\">&rarr;<\/span><\/a><\/p>\n","protected":false},"author":1,"featured_media":1035,"parent":971,"menu_order":1,"comment_status":"closed","ping_status":"closed","template":"","meta":{"footnotes":""},"class_list":["post-986","page","type-page","status-publish","has-post-thumbnail","hentry"],"_links":{"self":[{"href":"https:\/\/www.boehlk.eu\/mittelalterorte\/wp-json\/wp\/v2\/pages\/986","targetHints":{"allow":["GET"]}}],"collection":[{"href":"https:\/\/www.boehlk.eu\/mittelalterorte\/wp-json\/wp\/v2\/pages"}],"about":[{"href":"https:\/\/www.boehlk.eu\/mittelalterorte\/wp-json\/wp\/v2\/types\/page"}],"author":[{"embeddable":true,"href":"https:\/\/www.boehlk.eu\/mittelalterorte\/wp-json\/wp\/v2\/users\/1"}],"replies":[{"embeddable":true,"href":"https:\/\/www.boehlk.eu\/mittelalterorte\/wp-json\/wp\/v2\/comments?post=986"}],"version-history":[{"count":19,"href":"https:\/\/www.boehlk.eu\/mittelalterorte\/wp-json\/wp\/v2\/pages\/986\/revisions"}],"predecessor-version":[{"id":1146,"href":"https:\/\/www.boehlk.eu\/mittelalterorte\/wp-json\/wp\/v2\/pages\/986\/revisions\/1146"}],"up":[{"embeddable":true,"href":"https:\/\/www.boehlk.eu\/mittelalterorte\/wp-json\/wp\/v2\/pages\/971"}],"wp:featuredmedia":[{"embeddable":true,"href":"https:\/\/www.boehlk.eu\/mittelalterorte\/wp-json\/wp\/v2\/media\/1035"}],"wp:attachment":[{"href":"https:\/\/www.boehlk.eu\/mittelalterorte\/wp-json\/wp\/v2\/media?parent=986"}],"curies":[{"name":"wp","href":"https:\/\/api.w.org\/{rel}","templated":true}]}}