{"id":752,"date":"2015-02-11T05:50:38","date_gmt":"2015-02-11T05:50:38","guid":{"rendered":"http:\/\/www.boehlk.eu\/mittelalterorte\/?page_id=752"},"modified":"2015-05-11T16:12:29","modified_gmt":"2015-05-11T16:12:29","slug":"bernburger-erbfall-als-schluesselereignis","status":"publish","type":"page","link":"https:\/\/www.boehlk.eu\/mittelalterorte\/bernburger-erbfall-als-schluesselereignis\/","title":{"rendered":"Der Bernburger Erbfall als Schl\u00fcsselereignis"},"content":{"rendered":"<div class=\"wpb-content-wrapper\"><p>[vc_row][vc_column width=&#8220;1\/1&#8243;][vc_single_image image=&#8220;765&#8243; alignment=&#8220;center&#8220; border_color=&#8220;grey&#8220; img_link_target=&#8220;_self&#8220; img_size=&#8220;full&#8220;][\/vc_column][\/vc_row][vc_row][vc_column width=&#8220;2\/3&#8243;][vc_column_text]Am 11. Februar 2015 j\u00e4hrt sich die Schlacht am Welfesholz zum 900. Mal. Aus diesem Anlass m\u00f6chte ich Ihnen am heutigen Tag ein Konzept f\u00fcr eine neue historische Sicht auf unser Heimatland Sachsen-Anhalt vorstellen. Dieser Aufsatz entstand als Resultat von Gespr\u00e4chen, die ich im Nachgang an die Ver\u00f6ffentlichung meines Artikels \u201c<a href=\"http:\/\/www.boehlk.eu\/bernburger-freiheit\/download\/artikelmaterial\/Sachsen_Anhalt_Journal_2014_4_21-22.pdf\">Anhalt800 und die Folgen: Muss Sachsen- Anhalt historisch neu gedacht werden?<\/a>\u201d gef\u00fchrt habe. Dabei wurde mir bewusst, dass es im Bezug auf die Begriffe \u201cSachsen\u201d und \u201cAnhalt\u201d und ihre Rolle in der sachsen-anhaltischen Landesgeschichte viele Unklarheiten gibt.<\/p>\n<p>Ich habe mir deshalb die Aufgabe gestellt, einige Aspekte der 1200-j\u00e4hrigen Entwicklung der s\u00e4chsisch-anhaltischen Kulturlandschaft bis zu ihrer Auspr\u00e4gung als eigenst\u00e4ndiges Bundesland unter besonderer Beachtung des Sachsenbegriffes neu zusammenzustellen, und m\u00f6chte Ihnen hiermit nun das Ergebnis vorlegen.<\/p>\n<p><strong>Als Kernresultat dieser Arbeit kann die Erkenntnis gelten, dass es sich beim Land Sachsen-Anhalt keineswegs um ein Gebilde mit kurzer Tradition handelt. Sachsen-Anhalt ist weder \u201ck\u00fcnstlich\u201d noch ist die Verwendung des Begriffes \u201cSachsen\u201d im Landesnamen \u201cungl\u00fccklich\u201d. Ganz im Gegenteil!<\/strong><\/p>\n<p><strong>Sachsen-Anhalt ist legitimes Nachfolgeterritorium des Herzogtums Sachsen und des F\u00fcrstentums Anhalt. Beide L\u00e4nder wurden beim Bernburger Erbfall 1212 im Herzen unseres Bundeslandes br\u00fcderlich gestiftet. Ihre im Jahr 1946 erfolgte Vereinigung zu einem eigenst\u00e4ndigen Land unter dem Namen \u201cSachsen- Anhalt\u201c brachte zum Ausdruck, dass die Gr\u00fcndung dieses Bundeslandes integraler Teil der s\u00e4chsisch-anhaltischen Geschichte ist.<\/strong><\/p>\n<p>\u201e<em>Ab 6. Juni 1815 \u00fcbernahm das nach Merseburg verlegte Generalgouvernement als \u201aGeneralgouvernement des Herzogtums Sachsen\u2018 die Aufgaben der obersten Verwaltungsbeh\u00f6rde f\u00fcr die an Preu\u00dfen abgetretenen Landesteile.<\/em>\u201c (Udo Dr\u00e4ger, \u201eDie Bildung der Provinz Sachsen und die Stadt Halle\u201c, Halle 2000, S. 69). Dieses Datum markiert den bedeutenden Sachverhalt, dass sich das Zentrum des Herzogtums Sachsen zum zweiten Mal in seiner Geschichte an die Elbe-Saale-Linie zur\u00fcckverlagerte. Bereits im Jahr 1180 wurde mit der \u00dcbertragung der Herzogsw\u00fcrde auf die Askanier ihr Herrschaftssitz Bernburg an der Saale unter Herzog Bernhards III. von Sachsen f\u00fcr wenige Jahrzehnte zum repr\u00e4sentativen Schwerpunkt des s\u00e4chsischen Herzogtums.<\/p>\n<p>Zwischen der Zeit vor 1815 und der Zeit vor 1180 gab es durchaus Parallelen. In beiden F\u00e4llen wurde versucht, den Sachsenbegriff politisch zu instrumentalisieren, um einer einzelnen Dynastie eine herausragende Machtf\u00fclle zu erm\u00f6glichen. Die Tatsache, dass die lange auf der Agenda m\u00e4chtiger dynastischer Herrscher stehende territoriale Vereinigung des s\u00e4chsisch-anhaltischen Raumes erst unter demokratischen Verh\u00e4ltnissen in einem geeinten deutschen Bundesstaat und auf f\u00f6deraler Basis gelang, ist bemerkenswert!<\/p>\n<p>Somit wird der Bernburger Erbfall 1212 zum konstituierenden Element der s\u00e4chsisch-anhaltischen Geschichte. Er verkn\u00fcpft \u00fcber die Tradition des askanischen Herzogtums Sachsen und des F\u00fcrstentums Anhalt die Gr\u00fcndung des Landes Sachsen-Anhalt mit dem s\u00e4chsischen Herzogtum der Billunger und schafft somit eine Linie, die von der Kr\u00f6nung Heinrichs I. im Jahr 919 bis zur Wiedergr\u00fcndung Sachsen-Anhalts am 29. Januar 1991 reicht. Damit stellt der Bernburger Erbfall jenes lange gesuchte Schl\u00fcsselereignis dar, das nicht nur die Integration des heutigen Landes Sachsen-Anhalt mit seiner historischen Kulturlandschaft, sondern auch der Regionen des Landes als Teil dieser Kulturlandschaft erm\u00f6glicht. Sachsen-Anhalt besitzt als legitimer Tr\u00e4ger s\u00e4chsischer und askanischer Traditionen eine historische W\u00fcrde, \u00fcber die kaum ein zweites Bundesland in Deutschland verf\u00fcgen kann. Das bevorstehende 1100-j\u00e4hrige Kr\u00f6nungsjubil\u00e4um Heinrichs I. im Jahr 2019 k\u00f6nnte somit eine neue Phase in der \u00f6ffentlichen Wahrnehmung des Landes Sachsen-Anhalt einleiten. In keinem anderen Bundesland lassen sich alle Facetten der 1100-j\u00e4hrigen Geschichte Sachsens vollst\u00e4ndiger darstellen! Der Sachsenbegriff verbindet uns in vielf\u00e4ltiger Weise mit unseren Nachbarbundesl\u00e4ndern. Sich auf s\u00e4chsische Traditionen zu besinnen, hei\u00dft, innerdeutsche Grenzen zu \u00fcberwinden. Aber erst wenn Sachsen-Anhalt seine historische Verantwortung als legitimer Nachfolgestaat des s\u00e4chsischen Herzogtums auch selbst annimmt, k\u00f6nnte die integrierende Wirkung des<\/p>\n<p>Begriffs Sachsen wieder voll entfaltet werden. Aufgrund seiner s\u00e4chsischen und askanisch-anhaltischen Traditionen w\u00fcrde Sachsen-Anhalt somit eine aktive Rolle bei der immer noch ausstehenden kulturellen Vereinigung Deutschlands spielen k\u00f6nnen. Dieser Verantwortung m\u00fcssen wir uns als Sachsen-Anhalter, gerade in Hinblick auf die j\u00fcngsten Ereignisse, bei denen wieder die \u201cnegative Identit\u00e4tsbildung\u201c \u00fcber Aus- und Abgrenzung in erschreckender Weise hervortrat, bewusst sein!<\/p>\n<p>Der Zusammenfall mit dem Bauhausjubil\u00e4um und dem Kr\u00f6nungsjubil\u00e4um Heinrichs I. im Jahr 2019 erm\u00f6glicht reizvolle Bez\u00fcge, um Sachsen-Anhalt sowohl als Land der s\u00e4chsisch-anhaltischen Tradition als auch als Land der Moderne im Nachgang an das Reformationsjubil\u00e4um 2017 weltweit neu zu pr\u00e4sentieren. Bitte haben Sie Verst\u00e4ndnis daf\u00fcr, dass ich bez\u00fcglich der im Text zur Anwendung kommenden Sprache zun\u00e4chst eine sehr verdichtete Form w\u00e4hlen musste. Aber nur so war es mir m\u00f6glich, die gestellte Aufgabe in einem \u00fcberschaubaren Zeitraum zu realisieren. Die gesamte Problematik h\u00e4tte sicher eine umfangreiche und didaktisch optimierte Pr\u00e4sentation verdient. Ich hoffe dennoch, dass Ihnen der Text Anregungen zu einer ver\u00e4nderten Sicht auf unser Heimatland Sachsen-Anhalt vermitteln und einen Beitrag f\u00fcr eine selbstbewusste Pr\u00e4sentation des Landes im bevorstehenden Jubil\u00e4umsjahr 2019 leisten kann. Die Bew\u00e4ltigung dieser sachsen-anhaltischen Gemeinschaftsaufgabe sollte als neues Ziel nach dem Reformationsjubil\u00e4um 2017 in Angriff genommen werden![\/vc_column_text][\/vc_column][vc_column width=&#8220;1\/3&#8243;][vc_single_image image=&#8220;758&#8243; alignment=&#8220;center&#8220; style=&#8220;vc_box_shadow_border&#8220; border_color=&#8220;grey&#8220; img_link_target=&#8220;_self&#8220; img_size=&#8220;full&#8220; img_link=&#8220;http:\/\/www.boehlk.eu\/mittelalterorte\/download\/Der%20Bernburger%20Erbfall%20als%20Schl\u00fcsselereignis.pdf&#8220;][vc_cta_button call_text=&#8220;Hier k\u00f6nnen Sie den Text als PDF-Dokument herunterladen. Dateigr\u00f6\u00dfe 6MB&#8220; title=&#8220;Download&#8220; target=&#8220;_blank&#8220; color=&#8220;btn-warning&#8220; icon=&#8220;wpb_document_pdf&#8220; size=&#8220;wpb_regularsize&#8220; position=&#8220;cta_align_bottom&#8220; href=&#8220;http:\/\/www.boehlk.eu\/mittelalterorte\/download\/Der%20Bernburger%20Erbfall%20als%20Schl\u00fcsselereignis.pdf&#8220;][\/vc_column][\/vc_row]<\/p>\n<\/div>","protected":false},"excerpt":{"rendered":"<p>Sachsen-Anhalt ist weder \u201ck\u00fcnstlich\u201d noch ist die Verwendung des Begriffes \u201cSachsen\u201d im Landesnamen \u201cungl\u00fccklich\u201d. Ganz im Gegenteil<br \/>\nSachsen-Anhalt ist legitimes Nachfolgeterritorium des Herzogtums Sachsen und des F\u00fcrstentums Anhalt. <a href=\"https:\/\/www.boehlk.eu\/mittelalterorte\/bernburger-erbfall-als-schluesselereignis\/\">Weiterlesen <span class=\"meta-nav\">&rarr;<\/span><\/a><\/p>\n","protected":false},"author":1,"featured_media":763,"parent":0,"menu_order":0,"comment_status":"open","ping_status":"open","template":"","meta":{"footnotes":""},"class_list":["post-752","page","type-page","status-publish","has-post-thumbnail","hentry"],"_links":{"self":[{"href":"https:\/\/www.boehlk.eu\/mittelalterorte\/wp-json\/wp\/v2\/pages\/752","targetHints":{"allow":["GET"]}}],"collection":[{"href":"https:\/\/www.boehlk.eu\/mittelalterorte\/wp-json\/wp\/v2\/pages"}],"about":[{"href":"https:\/\/www.boehlk.eu\/mittelalterorte\/wp-json\/wp\/v2\/types\/page"}],"author":[{"embeddable":true,"href":"https:\/\/www.boehlk.eu\/mittelalterorte\/wp-json\/wp\/v2\/users\/1"}],"replies":[{"embeddable":true,"href":"https:\/\/www.boehlk.eu\/mittelalterorte\/wp-json\/wp\/v2\/comments?post=752"}],"version-history":[{"count":16,"href":"https:\/\/www.boehlk.eu\/mittelalterorte\/wp-json\/wp\/v2\/pages\/752\/revisions"}],"predecessor-version":[{"id":783,"href":"https:\/\/www.boehlk.eu\/mittelalterorte\/wp-json\/wp\/v2\/pages\/752\/revisions\/783"}],"wp:featuredmedia":[{"embeddable":true,"href":"https:\/\/www.boehlk.eu\/mittelalterorte\/wp-json\/wp\/v2\/media\/763"}],"wp:attachment":[{"href":"https:\/\/www.boehlk.eu\/mittelalterorte\/wp-json\/wp\/v2\/media?parent=752"}],"curies":[{"name":"wp","href":"https:\/\/api.w.org\/{rel}","templated":true}]}}