{"id":1021,"date":"2017-01-14T19:09:12","date_gmt":"2017-01-14T18:09:12","guid":{"rendered":"http:\/\/www.boehlk.eu\/mittelalterorte\/?page_id=1021"},"modified":"2017-01-23T15:35:19","modified_gmt":"2017-01-23T14:35:19","slug":"literaturverzeichnis","status":"publish","type":"page","link":"https:\/\/www.boehlk.eu\/mittelalterorte\/die-leuchte\/literaturverzeichnis\/","title":{"rendered":"Literaturverzeichnis"},"content":{"rendered":"<div class=\"wpb-content-wrapper\"><p>[vc_row][vc_column width=&#8220;1\/2&#8243;][vc_column_text]Assing, Helmut (2003): Askanier. In: Werner Paravicini (Hg.): H\u00f6fe und Residenzen im sp\u00e4tmittelalterlichen Reich. Ostfildern: Thorbecke (Residenzenforschung), S. 31\u201337.<\/p>\n<p>Beckmann, Johann Christoph (1710): Historie des F\u00fcrstenthums Anhalt. 1710. Repr. Dessau: Anhalt. Verlagsges. mbH, 1999.<\/p>\n<p>B\u00f6hlk, Olaf (Hg.) (2012): Schloss Bernburg als Erinnerungsort &#8211; Funktionalit\u00e4t und Symbolik im fr\u00fchneuzeitlichen Schlossbau. Bernburg: Kulturstiftung Bernburg.<\/p>\n<p>Briese, Olaf (2005): Ursprungsmythen, Gr\u00fcndungsmythen, Genealogien. Zum Paradox des Ursprungs (IBAES).<\/p>\n<p>Broda, Werner (1998): Spurensuche. Nickel Hoffmann. Ein Baumeister der &#8222;Deutschen Renaissance&#8220; (um 1515 &#8211; 1592). Universit\u00e4t Marburg. Online verf\u00fcgbar unter http:\/\/archiv.ub.uni-marburg.de\/diss\/z2004\/0528\/pdf\/z2004-0528.pdf, zuletzt gepr\u00fcft am 02.01.2017.<\/p>\n<p>Freitag, Werner (2003): Die F\u00fcrsten von Anhalt in Sp\u00e4tmittelalter und Fr\u00fcher Neuzeit. Eine Einf\u00fchrung. In: Werner Freitag (Hg.): Die F\u00fcrsten von Anhalt. Herrschaftssymbolik, dynastische Vernunft und politische Konzepte in Sp\u00e4tmittelalter und fr\u00fcher Neuzeit. Halle: Mitteldt. Verl. (Studien zur Landesgeschichte, 9), S. 9\u201334.<\/p>\n<p>Funke, Brigitte (2001): Cronecken der sassen. Entwurf und Erfolg einer s\u00e4chsischen Geschichtskonzeption am \u00dcbergang vom Mittelalter zur Neuzeit. Braunschweig (Braunschweiger Werkst\u00fccke Reihe A, Ver\u00f6ffentlichungen aus dem Stadtarchiv und der Stadtbibliothek, 48).<\/p>\n<p>Kretschmar, Susann (2012): Burgen in der Kunst. Hg. v. Georg Ulrich Gro\u00dfmann. N\u00fcrnberg: Germanisches Nationalmuseum (Kulturgeschichtliche Spazierg\u00e4nge im Germanischen Nationalmuseum, 13).<\/p>\n<p>K\u00fchtreiber, Thomas (2009): Die Ikonologie der Burgenarchitektur. In: Olaf Wagener (Hg.): Die imagin\u00e4re Burg. Frankfurt am Main, New York: Lang (Beihefte zur Mediaevistik, 11), S. 53\u201392.<\/p>\n<p>La\u00df, Heiko (2012): Das Bernburger Schloss im 16. Jahrhundert &#8211; ein zentraler Erinnerungsort des Landes Sachsen-Anhalt. In: Olaf B\u00f6hlk (Hg.): Schloss Bernburg als Erinnerungsort &#8211; Funktionalit\u00e4t und Symbolik im fr\u00fchneuzeitlichen Schlossbau. Bernburg: Kulturstiftung Bernburg, S. 7\u201346.<\/p>\n<p>Meinel, Sabine (2008): Karl V\u00f6lker Leben und Werk. Dissertation. Martin-Luther-Universit\u00e4t Halle-Wittenberg. Online verf\u00fcgbar unter https:\/\/sundoc.bibliothek.uni-halle.de\/diss-online\/08\/09H022\/t3.pdf.<\/p>\n<p>M\u00fcller, Matthias (2004): Das Schlo\u00df als Bild des F\u00fcrsten. Herrschaftliche Metaphorik in der Residenzarchitektur des Alten Reichs (1470-1618). G\u00f6ttingen: Vandenhoeck &amp; Ruprecht.<\/p>\n<p>Neugebauer, Anke (2011): Andreas G\u00fcnther von Komotau. Ein Baumeister an der Wende zur Neuzeit. Bielefeld: Kratzke (Hallesche Beitr\u00e4ge zur Kunstgeschichte, 11).<\/p>\n<p>Nicklas, Thomas (2002): Macht oder Recht. Fr\u00fchneuzeitliche Politik im Obers\u00e4chsischen Reichskreis. Stuttgart: F. Steiner.[\/vc_column_text][\/vc_column][vc_column width=&#8220;1\/2&#8243;][vc_column_text]Ohnsorge, Werner (1959): Die Herz\u00f6ge von Braunschweig und die s\u00e4chsische Pfalzgrafenw\u00fcrde in der ersten H\u00e4lfte des 14. Jahrhunderts. Zur Frage des s\u00e4chsischen Geltungsanspruches der Welfen gegen\u00fcber den askanischen Herz\u00f6gen von Sachsen. In: <i>Nieders\u00e4chsisches Jahrbuch f\u00fcr Landesgeschichte <\/i>(31), S. 127\u2013175.<\/p>\n<p>R\u00fcdiger, Birthe (2008): Ansicht und Baugestalt des Langen Hauses vom 16. bis 20. Jahrhundert unter besonderer Ber\u00fccksichtigung der denkmalpflegerischen Ma\u00dfnahmen des 20. Jahrhundert. In: Roswitha Jendryschik (Hg.): Das Bernburger Schloss. Aktuelle bau- und kunsthistorische Erkenntnisse ; um drei Beitr\u00e4ge erweiterter Protokollband zur wissenschaftlichen Tagung: &#8222;Das Bernburger Schloss als wichtiges Dokument der Renaissancebaukunst in Sachsen-Anhalt&#8220; vom 2. Dezember 2006 in Bernburg. Halle: Landesheimatbund Sachsen-Anhalt e.V. (Beitr\u00e4ge zur Regional- und Landeskultur Sachsen-Anhalts, 47), S. 83\u2013118.<\/p>\n<p>Schneider, Sabine (2008): Schlosshauptgeb\u00e4ude \u2013 Zur inneren Einteilung und Gestaltung seit dem 16. bis zum 19. Jahrhundert nach neuesten bauhistorischen Befunden. In: Roswitha Jendryschik (Hg.): Das Bernburger Schloss. Aktuelle bau- und kunsthistorische Erkenntnisse ; um drei Beitr\u00e4ge erweiterter Protokollband zur wissenschaftlichen Tagung: &#8222;Das Bernburger Schloss als wichtiges Dokument der Renaissancebaukunst in Sachsen-Anhalt&#8220; vom 2. Dezember 2006 in Bernburg. Halle: Landesheimatbund Sachsen-Anhalt e.V. (Beitr\u00e4ge zur Regional- und Landeskultur Sachsen-Anhalts, 47), S. 119\u2013167.<\/p>\n<p>Sommer, Eduard (1840): Rudolf III.\u00a0Kurf\u00fcrst von Sachsen. In: <i>Das Vaterland der Sachsen &#8211; Mittheilungen aus Sachsens Vorzeit und Gegenwart <\/i>(21), S. 93\u201394.<\/p>\n<p>Stegmann, Andreas: Joachim II. von Brandenburg (1505\u20131571). Online verf\u00fcgbar unter http:\/\/reformation-mark-brandenburg.de\/reformation-regional-und-lokal\/joachim-ii-von-brandenburg-1505-1571\/.<\/p>\n<p>Stieler, Franz (1953): Die Leuchte des Bernburger Schlosses. In: <i>Bernburger Heimathefte <\/i>1.<\/p>\n<p>Stieler, Franz (1954): Die Entstehung des Renaissanceschlosses Bernburg. Bernburg: Volksdruckerei Ostharz (Bernburger Heimathefte, 2).<\/p>\n<p>Stuckmann, Manfred (2003): Wappenschilderungen und allegorische Anspielungen in Konrads von W\u00fcrzburg Trojanerkrieg unter Ber\u00fccksichtigung stilistischer Grundz\u00fcge und geschichtlichen Hintergrundes. Univ, Wuppertal.<\/p>\n<p>Wagener, Olaf (Hg.) (2009): Die imagin\u00e4re Burg. Frankfurt am Main, New York: Lang (Beihefte zur Mediaevistik, 11).<\/p>\n<p>W\u00e4schke, Hermann (Hg.) (1909): Regesten der Urkunden des herzoglichen Haus- und Staatsarchivs zu Zerbst. Aus den Jahren 1401 &#8211; 1500. Dessau: D\u00fcnnhaupt [in Komm.].<\/p>\n<p>W\u00e4schke, Hermann (1917): Wolfgang, F\u00fcrst zu Anhalt, in seinen Jugendjahren. In: <i>Neujahrsbl\u00e4tter der Historischen Kommission f\u00fcr die Provinz Sachsen und das Herzogtum Anhalt <\/i>(41).[\/vc_column_text][\/vc_column][\/vc_row][vc_row][vc_column][vc_widget_sidebar sidebar_id=&#8220;ca-sidebar-1080&#8243;][\/vc_column][\/vc_row]<\/p>\n<\/div>","protected":false},"excerpt":{"rendered":"<p>[vc_row][vc_column width=&#8220;1\/2&#8243;][vc_column_text]Assing, Helmut (2003): Askanier. In: Werner Paravicini (Hg.): H\u00f6fe und Residenzen im sp\u00e4tmittelalterlichen Reich. Ostfildern: Thorbecke (Residenzenforschung), S. 31\u201337. Beckmann, Johann Christoph (1710): Historie des F\u00fcrstenthums Anhalt. 1710. Repr. Dessau: Anhalt. Verlagsges. mbH, 1999. B\u00f6hlk, Olaf (Hg.) (2012): Schloss &hellip; <a href=\"https:\/\/www.boehlk.eu\/mittelalterorte\/die-leuchte\/literaturverzeichnis\/\">Weiterlesen <span class=\"meta-nav\">&rarr;<\/span><\/a><\/p>\n","protected":false},"author":1,"featured_media":0,"parent":971,"menu_order":6,"comment_status":"closed","ping_status":"closed","template":"","meta":{"footnotes":""},"class_list":["post-1021","page","type-page","status-publish","hentry"],"_links":{"self":[{"href":"https:\/\/www.boehlk.eu\/mittelalterorte\/wp-json\/wp\/v2\/pages\/1021","targetHints":{"allow":["GET"]}}],"collection":[{"href":"https:\/\/www.boehlk.eu\/mittelalterorte\/wp-json\/wp\/v2\/pages"}],"about":[{"href":"https:\/\/www.boehlk.eu\/mittelalterorte\/wp-json\/wp\/v2\/types\/page"}],"author":[{"embeddable":true,"href":"https:\/\/www.boehlk.eu\/mittelalterorte\/wp-json\/wp\/v2\/users\/1"}],"replies":[{"embeddable":true,"href":"https:\/\/www.boehlk.eu\/mittelalterorte\/wp-json\/wp\/v2\/comments?post=1021"}],"version-history":[{"count":7,"href":"https:\/\/www.boehlk.eu\/mittelalterorte\/wp-json\/wp\/v2\/pages\/1021\/revisions"}],"predecessor-version":[{"id":1147,"href":"https:\/\/www.boehlk.eu\/mittelalterorte\/wp-json\/wp\/v2\/pages\/1021\/revisions\/1147"}],"up":[{"embeddable":true,"href":"https:\/\/www.boehlk.eu\/mittelalterorte\/wp-json\/wp\/v2\/pages\/971"}],"wp:attachment":[{"href":"https:\/\/www.boehlk.eu\/mittelalterorte\/wp-json\/wp\/v2\/media?parent=1021"}],"curies":[{"name":"wp","href":"https:\/\/api.w.org\/{rel}","templated":true}]}}