{"id":2106,"date":"2014-01-07T09:58:13","date_gmt":"2014-01-07T08:58:13","guid":{"rendered":"http:\/\/www.boehlk.eu\/bernburger-freiheit\/?page_id=2106"},"modified":"2014-02-01T11:54:32","modified_gmt":"2014-02-01T10:54:32","slug":"themenseite-zum-isek-bernburg","status":"publish","type":"page","link":"https:\/\/www.boehlk.eu\/bernburger-freiheit\/themenseite-zum-isek-bernburg\/","title":{"rendered":"Themenseite zum ISEK Bernburg"},"content":{"rendered":"<div class=\"wpb-content-wrapper\"><p>[vc_row][vc_column width=&#8221;1\/1&#8243;][vc_column_text]<em>&#8220;Wir brauchen mehr <strong>ganzheitliche Strategien und abgestimmtes Handeln aller am Prozess der Stadtentwicklung beteiligten Personen und Institutionen<\/strong> &#8211; auch \u00fcber die Grenzen der einzelnen St\u00e4dte und Gemeinden hinaus. Ob auf \u00f6rtlicher, regionaler, nationaler und europ\u00e4ischer Ebene, <strong>alle Regierungsebenen tragen eine eigene Verantwortung f\u00fcr die Zukunft unserer St\u00e4dte<\/strong>. Um diese Verantwortung auf den verschiedenen Regierungsebenen effektiv zu gestalten, m\u00fcssen wir die sektoralen Politikfelder besser koordinieren und ein <strong>neues Verantwortungsbewusstsein f\u00fcr eine integrierte Stadtentwicklungspolitik<\/strong> schaffen. <strong>Wir m\u00fcssen gew\u00e4hrleisten, dass alle, die an der Umsetzung der Ziele f\u00fcr eine nachhaltige Stadt arbeiten, die daf\u00fcr erforderlichen und berufs\u00fcbergreifenden Kompetenzen und Kenntnisse erwerben.&#8221;<\/strong><\/em><\/p>\n<p style=\"text-align: right;\"><a title=\"LEIPZIG CHARTA\" href=\"http:\/\/www.bmvbs.de\/SharedDocs\/DE\/Anlage\/StadtUndLand\/Stadtentwicklung\/leipzig-charta-zur-nachhaltigen-europaeischen-stadt-angenommen-am-24-mai-2007.pdf?__blob=publicationFile\" target=\"_blank\">LEIPZIG CHARTA zur nachhaltigen europ\u00e4ischen Stadt<\/a><\/p>\n<p>[\/vc_column_text][vc_message color=&#8221;alert-info&#8221;]<\/p>\n<p style=\"text-align: center;\">\u00d6ffentliche Stellungnahme zum ISEK-Entwurf nach Ablauf der Offenlegungsfrist.<\/p>\n<p>[wpfilebase tag=file path=&#8217;artikelmaterial\/Brief Stellungnahme ISEK.pdf&#8217; tpl=download-button \/][\/vc_message][\/vc_column][\/vc_row][vc_row][vc_column width=&#8221;1\/1&#8243;][vc_posts_grid loop=&#8221;size:10|order_by:date|order:DESC|post_type:post|categories:54&#8243; grid_columns_count=&#8221;1&#8243; grid_layout=&#8221;title|link_post,image|link_post,text|excerpt,link&#8221; grid_link_target=&#8221;_self&#8221; grid_layout_mode=&#8221;fitRows&#8221; grid_thumb_size=&#8221;full&#8221;][\/vc_posts_grid][\/vc_column][\/vc_row][vc_row bg_color=&#8221;#efefef&#8221; padding=&#8221;10px&#8221;][vc_column width=&#8221;1\/2&#8243;][vc_text_separator title=&#8221;ISEK-Zusatzmaterial&#8221; title_align=&#8221;separator_align_center&#8221;][vc_wp_links category=&#8221;53&#8243; orderby=&#8221;name&#8221; options=&#8221;name,description&#8221; el_class=&#8221;vcomposerlinks&#8221;][\/vc_column][vc_column width=&#8221;1\/2&#8243;][vc_text_separator title=&#8221;ISEK-Beispiele&#8221; title_align=&#8221;separator_align_center&#8221;][vc_wp_links category=&#8221;52&#8243; orderby=&#8221;name&#8221; options=&#8221;images,name,description&#8221; el_class=&#8221;vcomposerlinks&#8221;][\/vc_column][\/vc_row]<\/p>\n<\/div>\n","protected":false},"excerpt":{"rendered":"<p>Bernburg steht vor der Herausforderung eines Wandels in der Stadtplanung.<\/p>\n","protected":false},"author":1,"featured_media":0,"parent":0,"menu_order":0,"comment_status":"open","ping_status":"open","template":"page-templates\/full-width.php","meta":{"footnotes":""},"class_list":["post-2106","page","type-page","status-publish","hentry"],"aioseo_notices":[],"_links":{"self":[{"href":"https:\/\/www.boehlk.eu\/bernburger-freiheit\/wp-json\/wp\/v2\/pages\/2106","targetHints":{"allow":["GET"]}}],"collection":[{"href":"https:\/\/www.boehlk.eu\/bernburger-freiheit\/wp-json\/wp\/v2\/pages"}],"about":[{"href":"https:\/\/www.boehlk.eu\/bernburger-freiheit\/wp-json\/wp\/v2\/types\/page"}],"author":[{"embeddable":true,"href":"https:\/\/www.boehlk.eu\/bernburger-freiheit\/wp-json\/wp\/v2\/users\/1"}],"replies":[{"embeddable":true,"href":"https:\/\/www.boehlk.eu\/bernburger-freiheit\/wp-json\/wp\/v2\/comments?post=2106"}],"version-history":[{"count":20,"href":"https:\/\/www.boehlk.eu\/bernburger-freiheit\/wp-json\/wp\/v2\/pages\/2106\/revisions"}],"predecessor-version":[{"id":2180,"href":"https:\/\/www.boehlk.eu\/bernburger-freiheit\/wp-json\/wp\/v2\/pages\/2106\/revisions\/2180"}],"wp:attachment":[{"href":"https:\/\/www.boehlk.eu\/bernburger-freiheit\/wp-json\/wp\/v2\/media?parent=2106"}],"curies":[{"name":"wp","href":"https:\/\/api.w.org\/{rel}","templated":true}]}}

<div class="wpb-content-wrapper"><p>[vc_row][vc_column width=&#8221;1/1&#8243;][vc_column_text]<em>&#8220;Wir brauchen mehr <strong>ganzheitliche Strategien und abgestimmtes Handeln aller am Prozess der Stadtentwicklung beteiligten Personen und Institutionen</strong> &#8211; auch über die Grenzen der einzelnen Städte und Gemeinden hinaus. Ob auf örtlicher, regionaler, nationaler und europäischer Ebene, <strong>alle Regierungsebenen tragen eine eigene Verantwortung für die Zukunft unserer Städte</strong>. Um diese Verantwortung auf den verschiedenen Regierungsebenen effektiv zu gestalten, müssen wir die sektoralen Politikfelder besser koordinieren und ein <strong>neues Verantwortungsbewusstsein für eine integrierte Stadtentwicklungspolitik</strong> schaffen. <strong>Wir müssen gewährleisten, dass alle, die an der Umsetzung der Ziele für eine nachhaltige Stadt arbeiten, die dafür erforderlichen und berufsübergreifenden Kompetenzen und Kenntnisse erwerben.&#8221;</strong></em></p>
<p style="text-align: right;"><a title="LEIPZIG CHARTA" href="http://www.bmvbs.de/SharedDocs/DE/Anlage/StadtUndLand/Stadtentwicklung/leipzig-charta-zur-nachhaltigen-europaeischen-stadt-angenommen-am-24-mai-2007.pdf?__blob=publicationFile" target="_blank">LEIPZIG CHARTA zur nachhaltigen europäischen Stadt</a></p>
<p>[/vc_column_text][vc_message color=&#8221;alert-info&#8221;]</p>
<p style="text-align: center;">Öffentliche Stellungnahme zum ISEK-Entwurf nach Ablauf der Offenlegungsfrist.</p>
<p>[wpfilebase tag=file path=&#8217;artikelmaterial/Brief Stellungnahme ISEK.pdf&#8217; tpl=download-button /][/vc_message][/vc_column][/vc_row][vc_row][vc_column width=&#8221;1/1&#8243;][vc_posts_grid loop=&#8221;size:10|order_by:date|order:DESC|post_type:post|categories:54&#8243; grid_columns_count=&#8221;1&#8243; grid_layout=&#8221;title|link_post,image|link_post,text|excerpt,link&#8221; grid_link_target=&#8221;_self&#8221; grid_layout_mode=&#8221;fitRows&#8221; grid_thumb_size=&#8221;full&#8221;][/vc_posts_grid][/vc_column][/vc_row][vc_row bg_color=&#8221;#efefef&#8221; padding=&#8221;10px&#8221;][vc_column width=&#8221;1/2&#8243;][vc_text_separator title=&#8221;ISEK-Zusatzmaterial&#8221; title_align=&#8221;separator_align_center&#8221;][vc_wp_links category=&#8221;53&#8243; orderby=&#8221;name&#8221; options=&#8221;name,description&#8221; el_class=&#8221;vcomposerlinks&#8221;][/vc_column][vc_column width=&#8221;1/2&#8243;][vc_text_separator title=&#8221;ISEK-Beispiele&#8221; title_align=&#8221;separator_align_center&#8221;][vc_wp_links category=&#8221;52&#8243; orderby=&#8221;name&#8221; options=&#8221;images,name,description&#8221; el_class=&#8221;vcomposerlinks&#8221;][/vc_column][/vc_row]</p>
</div>
